3 - j**2/2 - 2*j - 1. Let h(t) = -4*t + 2*t + t. Let c be h(-5). Calculate x(c).
-7
Let x(l) be the first derivative of -l**2/2 + 2*l + 9. Let q be ((-3)/6)/((-1)/(-8)). Calculate x(q).
6
Let l(h) = -6*h + 8. Let u(a) = -5*a + 7. Let i(n) = 6*l(n) - 7*u(n). Determine i(-1).
0
Let p(s) = -s**2 - 30 - s + 30 + 0*s. Calculate p(2).
-6
Suppose -5*w = -8*w - 24. Let x(h) = h. Give x(w).
-8
Let g(w) = 2*w**2 + 5*w + 2. Let z(k) = k**2 + 3*k + 1. Let i(f) = -3*g(f) + 5*z(f). Determine i(0).
-1
Suppose -2*q = 4*j + 2, 2*j = -3*q - 1 + 10. Let f(b) = -2*b + 4. Let i(l) = -l + 2. Let m(z) = -3*f(z) + 5*i(z). Determine m(q).
3
Let x(d) = -3*d**2 - d**2 + 4 - 4*d + 3*d**2. Let r(w) = 7*w + 8. Let f be r(-2). Determine x(f).
-8
Let s(f) = f**3 + 8*f**2 - 6*f. Let a(k) = 3*k**3 + 17*k**2 - 13*k. Let o(z) = 2*a(z) - 5*s(z). Calculate o(5).
-5
Let s(o) = -o**3 + o**2 + 4. Let p be s(0). Suppose 0 = p*g + 2*v - 6*v - 24, -4*v = -3*g + 21. Let w(i) = -3*i + 3. What is w(g)?
-6
Let c be -1 - 4*(-2)/4. Let t(f) = 4*f**3 - f**2 + 1. Determine t(c).
4
Let n(y) = 1. Let m be 3/2*(-8)/6. Let q(g) = g + 2. Let l(t) = m*q(t) + 3*n(t). Give l(-2).
3
Let n(x) = 1 + 2*x - 1. Let k be n(1). Let l(b) = -5*b + 1. Determine l(k).
-9
Let x be 3 - 4 - 1 - -11. Let b = 4 - x. Let z(y) = 6*y**3 - 4*y**2 + y + 9. Let h(p) = -5*p**3 + 4*p**2 - p - 8. Let q(k) = b*h(k) - 4*z(k). Calculate q(3).
-2
Let m(j) = -j + 6. Let z be m(6). Let o(n) = -5 - 3*n + z + n + n. Calculate o(-4).
-1
Let q(c) = c**3 + 3*c**2 - 4*c - 3. Let i(d) = -2*d**3 - 5*d**2 + 7*d + 5. Let g(p) = 4*i(p) + 7*q(p). Suppose -2 = 6*k + 4. Give g(k).
1
Let m be 8/6*(-3)/(-2). Suppose -2*o - 2 = -5*q, -2*o - 6 = -q - 3*o. Let a(f) = 2 + m*f - f - q*f. Calculate a(3).
-1
Let m be 8/(-28) - (-16)/7. Let q(z) = 0*z - 5*z**m + z + 0*z + 0*z. What is q(1)?
-4
Let z(t) = -2*t**3 - t**2 + t + 2. Let j(p) = -3*p**3 - 2*p**2 + p + 3. Let g(s) = -3*j(s) + 4*z(s). Calculate g(-2).
-3
Let n(g) = -g - 1. Let t(w) = -w - 1. Let a(y) = 4*n(y) - 5*t(y). Calculate a(4).
5
Let m(s) be the second derivative of 0 - 1/2*s**2 + 1/6*s**3 + 3*s. Determine m(-5).
-6
Let d(j) = j**3 + 7*j**2 + 7*j + 8. Let w = -1 - 5. What is d(w)?
2
Let c(r) = 3*r**2 + 3*r + 6. Let b = 4 - 9. Let f(x) = 4*x**2 + 4*x + 7. Let s(z) = b*c(z) + 4*f(z). Let l = -3 + 3. What is s(l)?
-2
Let r(s) be the second derivative of 2/3*s**3 + 0 - 1/12*s**4 - 5/2*s**2 - 3*s. Calculate r(4).
-5
Let x = -15 + 11. Let n(w) be the third derivative of w**6/120 + w**5/15 + w**4/6 + 2*w**3/3 + 3*w**2. Calculate n(x).
-12
Let s(c) = c + 5. Let k be s(0). Let m = k - 8. Let z(w) = 2*w + 1. What is z(m)?
-5
Let z(s) be the first derivative of -s**4/6 - s**3/2 + s**2/2 - 2. Let l(d) be the second derivative of z(d). Determine l(-2).
5
Let c = 7 - 12. Let f(l) = 2*l + 6*l**2 + l**2 + l**3 - 1 - 2*l**2 - l. What is f(c)?
-6
Let z(u) be the first derivative of u**3/3 + 3*u**2/2 + 4*u - 7. What is z(-5)?
14
Let f(w) = -3*w - w**2 + 5*w**3 + 2 - 1 + 2*w. Let m = -38 + 39. Calculate f(m).
4
Let i(q) = q + 1. Let o(l) = -15*l - 12. Let n(h) = 36*i(h) + 3*o(h). Let v = 10 + -8. Suppose 3*f = f - v. What is n(f)?
9
Let p(f) = -2*f + 8. Suppose 4*o = 17 + 11. Determine p(o).
-6
Let l(z) = -z + 2. Let m be l(-7). Suppose 1 = 5*n - m, 3*n = -4*k + 22. Let u(q) = 3*q**2 - 1 - 1 - 3*q - 2*q**2. Determine u(k).
2
Let r(k) = 5*k**2 - k - 3. Let v be -2*((-52)/(-8) - 1). Let b(g) = 14*g**2 - 3*g - 9. Let m(z) = v*r(z) + 4*b(z). What is m(3)?
3
Suppose 3*j - 3 = 6. Let x(s) be the second derivative of -s**6/180 + s**5/24 - s**4/8 - s**3/6 - 2*s. Let b(a) be the second derivative of x(a). Give b(j).
-6
Let s(b) = -2*b - 2. Let l be s(2). Let v be (-4)/(-6) + (-10)/(-3). Let t be 1 - l/v*2. Let a(p) = -p**3 + 3*p**2 + 6*p - 3. Give a(t).
5
Suppose 1 = w - 5*t, -4*t + 28 = 8*w - 4*w. Let o(f) = f - 5. Let m be o(w). Let i(v) = -m - 2*v + 4*v - 3*v. Determine i(-3).
2
Let s(i) be the third derivative of -i**4/24 - i**3/3 - 7*i**2. Determine s(-3).
1
Suppose -4*y = 5*h + 31, 5*h + 2*y = -y - 27. Let q(d) = d**2 + d + 3. Determine q(h).
9
Suppose -3*f + 11 = 32. Let j(w) = -1 + 3*w**2 - 7*w**2 + 3*w**2 - 8*w. Determine j(f).
6
Let x be 5*((-1)/(-3))/((-10)/(-30)). Let b(p) = 0 - 3*p + 5*p + 3. Calculate b(x).
13
Let i(k) = -k + 3. Let g be i(16). Let d = -9 - g. Let p(y) = -y**3 + 2*y**2 + 5*y. What is p(d)?
-12
Let d be 6*(9/6)/3. Let j(l) = l - 2. Let x be j(d). Let u(n) = n - 2. What is u(x)?
-1
Let u(o) = -o**3 - o**2 + o + 5. Let t(v) be the first derivative of -v**4/4 + v**3/3 + v - 2. Let f(z) = 2*t(z) - u(z). What is f(3)?
-6
Let f(b) = 2*b + 5. Let m(l) = -l - 3. Let g(i) = 6*f(i) + 11*m(i). Calculate g(3).
0
Let z(m) be the first derivative of m**4/12 + m**3/2 + 5*m**2 + 1. Let u(a) be the second derivative of z(a). Determine u(-4).
-5
Let x be 8 - (-2 + -1 - -6). Suppose -3*y + x*z + 8 = -3, 3*y = 2*z - 1. Let v(n) = -n - 1. What is v(y)?
2
Let q(t) = t**2 + 7*t + 4. Let k be (11 - 3)/(-3 - 2/(-1)). Calculate q(k).
12
Let r(n) = 4*n + 1. Suppose -4*g - 16 = 4*p - 2*g, 2*g = -4. Let l be 0 + -2 - (p - 2). Let v = l - 1. Determine r(v).
9
Let n(p) be the second derivative of p**3/3 - 7*p**2/2 + 20*p. Calculate n(6).
5
Let v(p) = 5*p**3 + 2*p**2 - 4*p - 2. Let d(t) be the second derivative of t**5/20 + t**4/12 + 2*t. Let i(f) = -6*d(f) + v(f). Give i(-2).
-2
Let g(v) be the third derivative of 0*v - 1/6*v**3 + 7/24*v**4 - 4*v**2 + 0. Give g(-1).
-8
Let v(n) = -n + 6*n - 4*n. Suppose -2*z + 18 = -4*o, 0*o = -z - 3*o - 16. Calculate v(z).
-1
Let t(a) = 1. Let g(u) = u. Let b(r) = -g(r) + 4*t(r). Determine b(13).
-9
Let p = 3 - 3. Let k(n) = 3*n - 2*n + 0*n - 5. Let h be k(p). Let c(s) = -2*s - 5. Calculate c(h).
5
Let i be 1 + (-2)/(-3 + 1). Let h be (2 - -10)*1/i. Let o(w) = 2*w + 0 - h - w + 4. Give o(5).
3
Let u(h) = 9*h. Suppose 14 = j - 5*g, 0 = 5*j - 3*g + 2 - 6. Determine u(j).
-9
Let a(v) = -5 + 6*v**2 - v**3 + 3*v + 0*v + 2*v**3 + 0*v. Determine a(-5).
5
Let t(k) = k**2 - 2*k + 1. Let n = -2 + 8. Suppose 5*y - n = 4. Give t(y).
1
Suppose 0 = 2*m + 4*v - 9*v + 10, m = -v + 9. Let n(k) = k**3 - 5*k**2 - 2*k + 7. Determine n(m).
-3
Let u(d) = d**2 - 4*d + 3. Suppose 4*k + 4*r = -4, -k + 0 = 3*r + 3. Suppose k = 5*a - 4 - 1, -3*x = -2*a - 13. Determine u(x).
8
Let r(b) = -6*b + 3. Let w(m) = m - 1. Let a(l) = r(l) + 2*w(l). What is a(3)?
-11
Let b(f) = 2*f**3 + 2*f**2 - f - 1. Suppose -8*z + 3*z - 3*n = 35, 3*z = 4*n - 50. Let g = -12 - z. Determine b(g).
-7
Let g(m) = -5 + m**2 + 9*m + 6 + 2 + 3. Calculate g(-9).
6
Let p(s) = -s**2 + 2*s + 1. Let g = 42 + -27. Suppose 0*c + g = -3*c - 5*m, 18 = -3*c - 4*m. Let v be 8/(-20) - (-6)/c. Determine p(v).
-2
Let w(l) = l**2 - 4*l + 5. Let m(n) = -2*n**2 + 8*n - 11. Let x(y) = 2*m(y) + 5*w(y). Let v be 88/20 - (-2)/(-5). Give x(v).
3
Let f(v) = -78 - v**2 + 2*v**2 + 73 + 10*v. What is f(-11)?
6
Let j = 7 + -4. Let r(c) = 8*c**2 + c**j + 2*c**2 - 6*c**2 - 4 - 7*c. Give r(-5).
6
Let k(q) = q**2 + 3*q - 3. Let d be k(-3). Let i(r) = -r**2 + 2*r - 1. What is i(d)?
-16
Let b(s) = 5*s - 6. Let u(p) = -11*p + 12. Let a(f) = 13*b(f) + 6*u(f). Give a(0).
-6
Let t(r) = 4*r**3 + 2*r**2 - 2*r + 5. Let w(v) = v**3 + v**2 - v. Let b(c) = t(c) - 3*w(c). Let o = 2 + -2. Calculate b(o).
5
Let v be (0/(-1))/(1 + 0). Let y = 12 - 14. Let q be (0 - y)/2*v. Let n(a) = a**2 + a + 4. Give n(q).
4
Let c(u) be the first derivative of u**5/120 - u**4/8 - 2*u**3/3 - 3. Let y(r) be the third derivative of c(r). What is y(6)?
3
Let s(j) = -j - 3. Let v be s(-7). Suppose 4*t = -x - 17, 0 = -x - v*x + t - 1. Let b = x - -5. Let z(p) = -p**2 + 6*p - 4. Calculate z(b).
4
Let o(u) = -3*u**2 + 2 - 2 + u**3 - 5*u. Suppose 27*s = 25*s + 8. Determine o(s).
-4
Let c be 8/(-6)*12/(-4). Let m(f) = -6*f**2 - f**3 + 3*f + 8*f - 3 - c*f. Determine m(-7).
-3
Suppose 0 = -4*h + s - 3 - 9, 14 = -3*h + 2*s. Let c(u) = 2*u**2 + 2*u. Give c(h).
4
Let q(t) be the first derivative of t**4/4 + t**3 - 3*t - 1. Let h be 1/(-1) + 3 - 2. Suppose -7 = 5*c + 4*d, h = d + d - 4. Determine q(c).
-3
Let c(x) = -3 + 4*x**2 + x**3 - 2*x**2 + 5*x**2 - 3*x**2. Calculate c(-3).
6
Let o(j) = -6*j**2 - 2*j + 2*j**2 + 2*j**2 - 2 + 3. Suppose -5*i = -2*r - 6, 7 = 3*r + 2*i - 3. Suppose 0 = -2*l + l - r. Calculate o(l).
